 = 5*h**2 + 13*h + 7. Let x(b) = 6*g(b) - 13*m(b). Let j be x(-7). What is the greatest common divisor of j and 13?
13
Let k(l) be the third derivative of -l**6/120 + 7*l**5/60 + l**4/4 + l**3/2 + 6*l**2. Let o be k(7). Calculate the highest common divisor of 18 and o.
9
Let m = 88 + -37. Calculate the greatest common factor of m and 17.
17
Suppose -6*x = -10*x + 28. Let m(a) = -5*a - 1. Let h be m(-1). Let u(s) = s**3 - s**2 - 2*s - 5. Let y be u(h). Calculate the highest common factor of x and y.
7
Suppose 4*q - 5*b - 65 = 0, 3*q + 4*b - 24 = 17. Suppose 4*z = -l + 36, -3*z + l = -l - 38. What is the greatest common divisor of z and q?
5
Let w = 29 + -9. Let g be -1 - -3 - (6 + 7). Let t = w + g. What is the highest common factor of t and 27?
9
Let z = -9 + 13. Suppose 2*c - 25 = 47. What is the highest common divisor of z and c?
4
Suppose 2*m - 5*y = -6, -m - 3*y - y = -10. What is the greatest common factor of m and 8?
2
Suppose -5*v - 1 = 9. Let l be -2 - v*1*6. What is the greatest common divisor of l and 110?
10
Let c be (128/(-4))/((-2)/4). Suppose 3*k - k - c = 0. Let d(y) = y**3 - 2*y**2 - y - 2. Let p be d(3). Calculate the highest common factor of k and p.
4
Suppose -4*a - 3*t = 15, 5*a - 4*t = -63 + 21. Let g = 7 + a. What is the greatest common factor of g and 1?
1
Let i(m) be the second derivative of -3/2*m**2 + 0 + 2*m + 0*m**3 + 1/4*m**4. Let j be i(-3). What is the greatest common factor of j and 12?
12
Suppose -4*j = -4*m - 6*j + 502, -m - 2*j = -133. What is the greatest common factor of m and 82?
41
Let r be (0 - 3 - -3) + 54. Suppose -3*n + 6 = -48. Calculate the highest common divisor of r and n.
18
Suppose 9*i - 12*i = -12. Suppose i = -4*p, -4*q - 2*p - 3*p + 235 = 0. Calculate the highest common factor of q and 15.
15
Suppose -35 = -u - 7. Calculate the greatest common factor of u and 28.
28
Let b be (4 - (-2)/(-1))*2. Suppose b*a = 3*a + 33. Let y be 10 + (-2 - -3) + 0. What is the greatest common factor of a and y?
11
Suppose 2 = 2*d, -3*u - 2*u = d - 46. Calculate the highest common factor of 99 and u.
9
Let y be (1 - 2/(-2)) + 25. Calculate the highest common divisor of 81 and y.
27
Suppose 4*f - 3*f - 18 = 0. Calculate the highest common divisor of 144 and f.
18
Suppose -q - 3*c - 81 = -6*q, q + 2*c - 24 = 0. What is the highest common factor of q and 234?
18
Let l be 189/11 - (-10)/(-55). Suppose -o + 159 = -2*k, -o - 3*o + 600 = 4*k. Calculate the greatest common divisor of o and l.
17
Let c(p) = 3*p - 2. Let k be c(2). Suppose 341 = 5*s - 2*f, -5*f + 347 = 5*s - k*f. Suppose -24 + s = 5*g. What is the highest common factor of 72 and g?
9
Let d be -4 - (7 + -1)/(-2). Let s be 3 + (21*d)/(-3). Suppose -4*c + 50 = c. Calculate the greatest common divisor of s and c.
10
Suppose 5*i - 10 = -2*d, -2*d + 12 = 4*i + 2. What is the greatest common factor of d and 40?
5
Suppose 27 = 5*c - 278. Let w = c - 13. Let i(o) = o + 2. Let v be i(4). Calculate the highest common divisor of v and w.
6
Let h be (-8)/2*231/(-84). What is the highest common factor of h and 11?
11
Let a = 1 + -2. Let w(o) = 4*o**3 + 2*o + 1. Let b be w(a). Let r(g) = -4*g + 4. Let u be r(b). What is the greatest common factor of 8 and u?
8
Suppose -2*u + 7*u - 120 = 0. Suppose 12 = 3*w + w. What is the highest common factor of w and u?
3
Let y(l) = 86*l - 4. Let i be y(6). Suppose k + 3*k - i = 0. Let n = -34 + 50. Calculate the greatest common divisor of k and n.
16
Let w = 18 + -4. Let h be 1/(24/(-9) + 3). Suppose 8*u = h*u + 490. Calculate the highest common divisor of u and w.
14
Suppose 5*c - 101 = 184. Let g(q) = 2*q + 62. Let z be g(-12). What is the greatest common factor of c and z?
19
Let j = 13 + -4. Suppose 252 = -0*r + 4*r. Calculate the greatest common factor of j and r.
9
Suppose 3*f + 4*t + t - 375 = 0, f + 2*t - 124 = 0. What is the highest common divisor of 52 and f?
26
Suppose w + 37 = 81. What is the greatest common divisor of 11 and w?
11
Suppose -7*a = -2*a - 5, -2*o + 205 = -3*a. What is the highest common divisor of 13 and o?
13
Let d be 20/8*4/(-5). Suppose -14 = 2*w - 2*t, 3*t - 5 - 6 = -2*w. Let l be (d/2 + -237)/w. Calculate the highest common factor of 17 and l.
17
Let y = -3 - -5. What is the highest common factor of 8 and y?
2
Suppose -5*v + 120 = -2*v. Suppose -y = -i - 8, 0 = -2*y + 5*i + 7 + 3. Calculate the greatest common factor of y and v.
10
Suppose q = 49 - 14. What is the highest common divisor of 5 and q?
5
Let s(d) = -2*d - 2. Let z be s(-4). Suppose -5*i + 0*i = -75. Calculate the greatest common divisor of i and z.
3
Suppose 0 = 2*z + z + 4*v - 20, 3*z = 4*v + 52. What is the highest common divisor of z and 12?
12
Let r(j) = -7*j + 13. Let a be r(-5). Let x(z) = -13*z**3 - 2*z**2 - 2*z - 1. Let m be x(-1). Calculate the greatest common divisor of a and m.
12
Suppose 10*x - 41 - 69 = 0. What is the greatest common divisor of x and 88?
11
Let i be 9/12 + (-5)/(-4). Suppose -489 = 3*h - 8*h + 2*u, 0 = h + i*u - 105. Calculate the greatest common divisor of 9 and h.
9
Suppose -2*u + 20 = 2*l, -u - 2*l + 22 = 10. Let t be 86 - (7 + -1)/(-3). Calculate the greatest common divisor of u and t.
8
Suppose 2*y = -2*y + 20. Suppose h - 37 = -k, -42 = 5*k - y*h - 207. What is the highest common factor of 5 and k?
5
Let z = 4 + 1. Suppose -4*u + 2 = z*q, 2*q + q + 3*u = 3. Let t = q - -9. Calculate the highest common factor of 7 and t.
7
Let q = 24 - 6. Let a = -75 - -139. Suppose 62 = u - a. Calculate the greatest common divisor of u and q.
18
Let q = -46 + 69. Calculate the greatest common factor of 23 and q.
23
Let x be (3/(-4))/(4/(-16)). Let s = x + 7. What is the greatest common divisor of 50 and s?
10
Let w(o) = o + 38. Let g be w(-29). Calculate the highest common divisor of g and 45.
9
Let s(b) = b**3 - 7*b**2 + b + 4. Let h be s(7). Let o = 59 + -4. What is the greatest common divisor of h and o?
11
Let d be (-96)/(-4)*2/3. Let q = 71 - d. Calculate the highest common divisor of q and 11.
11
Let d(q) = 2 + 0*q**2 + 0*q**2 + q**2. Let o be d(-4). Calculate the highest common divisor of 9 and o.
9
Suppose 2*a + 196 = -2*a. Let p = 114 + a. What is the highest common divisor of p and 13?
13
Let u(g) = g + 2. Let a be u(-4). Let j be 12 - a - (-4)/(-2). Calculate the highest common divisor of 48 and j.
12
Let o(b) = -b - 2. Let a be o(-3). Let y(m) = 164*m + 1. Let t be y(a). Let z = t - 95. What is the highest common divisor of z and 10?
10
Let g = 32 - 21. Let y = 16 + 105. Calculate the greatest common divisor of g and y.
11
Let t be (-1)/(1/(-16)) - 0. Let d = 14 - -66. What is the highest common factor of d and t?
16
Let r(p) = p**3 - 11*p**2 + 5*p - 13. Let g be r(11). Let h = 52 + -31. Calculate the highest common divisor of g and h.
21
Let u = -51 - -123. Let h(w) = w**3 + 3*w**2 - 4*w. Let k = 8 + -11. Let z be h(k). Calculate the greatest common divisor of z and u.
12
Let b = 248 - 128. Let o(h) = 12*h**2 - h - 1. Suppose 4*i + 4 = -0. Let j be o(i). What is the highest common divisor of b and j?
12
Suppose -29*n = -24*n - 110. Suppose 2*j + j + 5*h = -13, -3*j - 3*h = 3. Suppose 0 = 5*b - j*b - 11. What is the highest common factor of b and n?
11
Let d = 7 - 3. Suppose -d*f + 11 = -45. Calculate the highest common divisor of 154 and f.
14
Let a(j) be the third derivative of -47*j**6/120 + j**5/30 - j**3/6 - 3*j**2. Let o be a(-1). Calculate the highest common factor of o and 16.
16
Suppose -5*o + 75 + 100 = 0. Calculate the highest common divisor of o and 7.
7
Let r(j) = j**3 - j**2 + 5*j - 3. Let g be r(3). Let u(f) = f + 18. Let w be u(-8). What is the highest common divisor of w and g?
10
Let l = 2 + 33. What is the highest common divisor of l and 7?
7
Let u = 3 - 1. Suppose 0 = -3*q - 1 + 10, 3*d = -4*q + 36. Calculate the highest common factor of d and u.
2
Let x(c) = -c**2 - 18*c - 17. Let t be x(-16). Calculate the highest common divisor of t and 105.
15
Let q = -16 - -19. What is the greatest common divisor of 15 and q?
3
Let u = -5 - -26. Let q = -22 - -36. Calculate the highest common factor of q and u.
7
Suppose 312 = v + 2*v. Suppose -4*k - 2 = -5*k. Suppose -k*j - 78 = -5*j. What is the greatest common divisor of v and j?
26
Let k = -35 - -22. Let i = 41 - k. Calculate the highest comm